{"id":89218,"date":"2021-04-09T17:15:08","date_gmt":"2021-04-09T17:15:08","guid":{"rendered":"https:\/\/easyride.lv\/?page_id=89218"},"modified":"2021-04-10T18:21:09","modified_gmt":"2021-04-10T18:21:09","slug":"privatuma-politika","status":"publish","type":"page","link":"https:\/\/easyride.lv\/index.php\/privatuma-politika\/","title":{"rendered":"Priv\u0101tuma politika"},"content":{"rendered":"<div class=\"wpb-content-wrapper\"><p>[vc_row][vc_column width=&#8221;1\/1&#8243;][vc_column_text text_lead=&#8221;yes&#8221;]<\/p>\n<h2>PRIV\u0100TUMS<\/h2>\n<p>\u0160aj\u0101 vietn\u0113 tiek izmantoti da\u017e\u0101di t\u012bmek\u013ca anal\u012bzes r\u012bki (piem\u0113ram, Google Analytics) un citi m\u0113r\u012b\u0161anas r\u012bki, lai pal\u012bdz\u0113tu analiz\u0113t, k\u0101 lietot\u0101ji izmanto vietni. \u0160ie r\u012bki izmanto \u2018s\u012bkdatnes\u2019, kas ir j\u016bsu dator\u0101 ievietoti teksta faili, lai apkopotu standarta interneta \u017eurn\u0101la un apmekl\u0113t\u0101ju uzved\u012bbas inform\u0101ciju anon\u012bm\u0101 form\u0101. S\u012bkdatnes \u0123ener\u0113t\u0101 inform\u0101cija par j\u016bsu vietnes izmanto\u0161anu (ieskaitot j\u016bsu IP adresi) tiek p\u0101rs\u016bt\u012bta Google un da\u017ereiz citiem pieg\u0101d\u0101t\u0101jiem. P\u0113c tam \u0161\u012b inform\u0101cija tiek izmantota, lai nov\u0113rt\u0113tu apmekl\u0113t\u0101ju t\u012bmek\u013ca vietnes izmanto\u0161anu un apkopotu statistikas p\u0101rskatus par vietnes easyride.lv darb\u012bbu.<\/p>\n<h2>S\u012aKDATNES<\/h2>\n<p>Jums ir iesp\u0113ja pie\u0146emt vai noraid\u012bt s\u012bkfailus, mainot p\u0101rl\u016bkprogrammas iestat\u012bjumus.<\/p>\n<h2>PERSON\u012aG\u0100 INFORM\u0100CIJA<\/h2>\n<p>Kad j\u016bs p\u0113rkat produktu, m\u0113s l\u016bgsim ar\u012b v\u0101rdu, uzv\u0101rdu, telefonu un e-pasta adresi, un m\u0113s, iesp\u0113jams, ieg\u016bsim citu inform\u0101ciju, piem\u0113ram, j\u016bsu vietnes URL. J\u016bsu e-pasts un visa cita inform\u0101cija tiks izmantota tikai, lai sazin\u0101tos ar jums. J\u016bsu personisk\u0101 inform\u0101cija netiks izplat\u012bta nevienam nol\u016bkam.<\/p>\n<h2>DRO\u0160\u012aBA<\/h2>\n<p>\u0160aj\u0101 vietn\u0113 ir ieviesti dro\u0161\u012bbas pas\u0101kumi, lai aizsarg\u0101tu m\u016bsu kontrol\u0113t\u0101s inform\u0101cijas nozaud\u0113\u0161anu, nepareizu izmanto\u0161anu un p\u0101rveido\u0161anu.<\/p>\n<p>&nbsp;<\/p>\n<h2 style=\"text-align: left;\">PRIVACY<\/h2>\n<p>This website uses various web analytics tools (such as Google Analytics) and other measurement tools to help analyse how users use the site. These tools use \u2018cookies\u2019, which are text files placed on your computer, to collect standard internet log information and visitor behaviour information in an anonymous form. The information generated by the cookie about your use of the website (including your IP address) is transmitted to Google and sometimes other vendors. This information is then used to evaluate visitors use of the website and to compile statistical reports on website activity for easyride.lv.<\/p>\n<h2 style=\"text-align: left;\">COOKIES<\/h2>\n<p>You have the ability to accept or decline cookies by modifying the settings on your browser.<\/p>\n<h2>PERSONAL INFORMATION<\/h2>\n<p>When you buy a product, we will ask for name, surname, mobile phone and email address as well, and we might gain some other info like your website\u2019s URL. Your email and any other information will only be used to contact you. Your personal information will not be distributed to anyone for any purpose.<\/p>\n<h2>SECURITY<\/h2>\n<p>This site has security measures in place to protect the loss, misuse, and alteration of the information under our control.<\/p>\n<p>[\/vc_column_text][\/vc_column][\/vc_row]<\/p>\n<\/div>","protected":false},"excerpt":{"rendered":"<p>[vc_row][vc_column width=&#8221;1\/1&#8243;][vc_column_text text_lead=&#8221;yes&#8221;] PRIV\u0100TUMS \u0160aj\u0101 vietn\u0113 tiek izmantoti da\u017e\u0101di t\u012bmek\u013ca anal\u012bzes r\u012bki (piem\u0113ram, Google Analytics) un citi m\u0113r\u012b\u0161anas r\u012bki, lai [&hellip;]<\/p>\n","protected":false},"author":1,"featured_media":0,"parent":0,"menu_order":0,"comment_status":"closed","ping_status":"closed","template":"","meta":{"footnotes":""},"class_list":["post-89218","page","type-page","status-publish","hentry","page_category-er-pages"],"_links":{"self":[{"href":"https:\/\/easyride.lv\/index.php\/wp-json\/wp\/v2\/pages\/89218","targetHints":{"allow":["GET"]}}],"collection":[{"href":"https:\/\/easyride.lv\/index.php\/wp-json\/wp\/v2\/pages"}],"about":[{"href":"https:\/\/easyride.lv\/index.php\/wp-json\/wp\/v2\/types\/page"}],"author":[{"embeddable":true,"href":"https:\/\/easyride.lv\/index.php\/wp-json\/wp\/v2\/users\/1"}],"replies":[{"embeddable":true,"href":"https:\/\/easyride.lv\/index.php\/wp-json\/wp\/v2\/comments?post=89218"}],"version-history":[{"count":4,"href":"https:\/\/easyride.lv\/index.php\/wp-json\/wp\/v2\/pages\/89218\/revisions"}],"predecessor-version":[{"id":89223,"href":"https:\/\/easyride.lv\/index.php\/wp-json\/wp\/v2\/pages\/89218\/revisions\/89223"}],"wp:attachment":[{"href":"https:\/\/easyride.lv\/index.php\/wp-json\/wp\/v2\/media?parent=89218"}],"curies":[{"name":"wp","href":"https:\/\/api.w.org\/{rel}","templated":true}]}}